t r be 80/u*(-3)/(-2). Let o = r - 8. List the prime factors of o.
2
Let a be 6*1*(-10 - -9). Let f(q) = q**3 + 8*q**2 + 9*q + 2. List the prime factors of f(a).
2, 5
Suppose -k = -a + 3*a + 1, 3*k - 3 = -4*a. What are the prime factors of k?
5
Let t = -19 + -5. Let n = 39 + t. Suppose 0 = -r + 6 + n. What are the prime factors of r?
3, 7
Let s(r) = r**2 + 3*r + 3. Suppose t + 30 = -3*t - 2*b, 5*t + b = -30. List the prime factors of s(t).
13
Let n(g) = -g**2 - 6*g + 7. Let l be n(-7). Suppose -2*j + j + 4*c + 9 = 0, -4*j + c + 6 = 0. List the prime factors of (j - l)*(-20)/(-5).
2
Let a(b) = 19*b**2 + 2*b. What are the prime factors of a(-2)?
2, 3
Let k(n) = 6*n**2 + n**3 - 4*n - 2*n + 8 + 3*n. List the prime factors of k(-6).
2, 13
Suppose 4*m = b + 10, -2*b + 0 + 4 = 0. Suppose -m*x + 15 + 3 = 4*h, -x + 4*h = -6. List the prime factors of x.
2, 3
Let s(c) = 31*c - 7. List the prime factors of s(4).
3, 13
Let u(t) = t**2 - 2*t. Let k be u(3). Let g = k - 5. What are the prime factors of g/3 - (-141)/9?
3, 5
Suppose 0 = -i - 1 + 7. What are the prime factors of i?
2, 3
Let t(y) = -2*y**3 + 10*y**2 - 7*y + 6. Let s(r) = -r**3 + r**2 + r + 1. Let a(k) = -s(k) + t(k). List the prime factors of a(8).
5
Suppose j - 11 - 1 = 0. Let q = 20 - j. List the prime factors of q.
2
Let o(u) = -2*u. Let w be (-12)/2*2/(-4). Suppose -5*v + 4*i - 14 = 0, -4 = -w*v + 3*i - 13. List the prime factors of o(v).
2
Let d(k) = -k**3 - 6*k**2 + 2*k + 1. Let z be d(-4). What are the prime factors of ((-13)/z)/((-1)/(-57))?
19
Let o(b) = 30*b**2 - 2*b + 1. List the prime factors of o(1).
29
Let c = -6 + 8. Suppose 1 = y - c. Suppose -y*t - 2*t - 3*n = -14, -2*t - n = -6. List the prime factors of t.
2
Let m(q) = -q + 31. What are the prime factors of m(0)?
31
List the prime factors of ((-30)/20)/((-2)/28*1).
3, 7
What are the prime factors of 140/6 - (-1)/(-3)?
23
What are the prime factors of 0 + -2 - 6*140/(-15)?
2, 3
Suppose 2*r = -2*r + 172. What are the prime factors of r?
43
Let i be (-8)/(-4) - (-1 + -1). Suppose n + i*n - 60 = 0. List the prime factors of n.
2, 3
Suppose -h - 3*h = 2*q + 16, 0 = -3*q + 3*h - 24. Let w(d) = -4*d + 7. What are the prime factors of w(q)?
3, 13
Let c(y) = 40*y + 1. Let g be c(1). Let o = g + -11. Let h = -17 + o. What are the prime factors of h?
13
Suppose 0 = 8*w - 4*w - 548. What are the prime factors of w?
137
Suppose 4*u + 5*b = 2*b + 11, 5*b = 25. Let y be (-2)/(u*(-3)/(-9)). List the prime factors of 3/(y/16) + -1.
7
Let q(h) = h**2 - 3*h + 2. Let c be q(3). Suppose v - 63 = -c*v. List the prime factors of v.
3, 7
Suppose -5*o - 2*r = -773, -431 = -2*o + r - 129. List the prime factors of o.
3, 17
Suppose 4*n + 14 = 5*w - 8, n - 7 = -5*w. Let p(t) = -t + 3. Let m be p(3). Suppose -v + 11 = i, m = -3*v - w*i + 4*i + 33. List the prime factors of v.
11
Let k = 9 + -5. Suppose -3 - 17 = -k*c. Suppose -c*d = -62 - 18. What are the prime factors of d?
2
Let m(f) = -2*f**2 - 1 + 0*f**2 - f**2 + 4*f**2. List the prime factors of m(-2).
3
Suppose -4*a + 2 + 74 = 0. Let w = a + -9. List the prime factors of w.
2, 5
Let s = -10 + 17. Let v(x) = -x**3 + 6*x**2 + 8*x + 10. What are the prime factors of v(s)?
17
Let t(d) = -d**3 - 5*d**2 + 3*d + 8. Let m(f) = -f**2 - 6. Let g be m(0). What are the prime factors of t(g)?
2, 13
Suppose -4*t + 38 - 2 = 0. List the prime factors of t.
3
Let q(m) = -4*m + 1. Let i be q(1). What are the prime factors of (1 - (-1 - i)) + 21?
2, 5
Suppose -5*u + 20 = 3*h, 6*u - h = 4*u + 8. Suppose -o + 1 + u = 0. Suppose 24 = 3*g - 4*d, 4*g - 9 - 54 = -o*d. What are the prime factors of g?
2, 3
What are the prime factors of 110/4*(-1 - -5)?
2, 5, 11
Suppose 2*a - 1 = -5*z + 1, 0 = a - 1. Let k(s) = 3 + 4*s**3 - s - 5*s**3 + 0*s. What are the prime factors of k(z)?
3
Suppose -140 = -5*p + 545. List the prime factors of p.
137
Let o(v) = 2*v**2 - 31*v + 24. List the prime factors of o(15).
3
Suppose -r + 89 + 41 = 0. Let k = r - 93. What are the prime factors of k?
37
Let w be (-27)/6*4/(-3). Suppose 3*z + 31 = 2*m, -w - 9 = 5*z. List the prime factors of m.
11
Let c(o) = -o**3 + 16*o**2 + 10*o + 14. List the prime factors of c(16).
2, 3, 29
List the prime factors of (-7)/(1 + 2 + (-424)/140).
5, 7
Let s(g) = g**3 + 9*g**2 - 12*g + 11. Suppose 5*t + 40 = t. List the prime factors of s(t).
31
Suppose 3*y - y = 5*f - 21, y - 22 = -4*f. Let x(q) = q**2 + 2*q - 3. List the prime factors of x(y).
5
Suppose -m + 28 = -4*w, -5*m + 2*w + 61 = -25. Let b = 22 - m. List the prime factors of b.
2, 3
Let i be 4 + 1/(-2)*4. Let o(t) = t. Let u be o(i). List the prime factors of (-3)/(-2) - (-29)/u.
2
Let a(b) = 0 - b - 1 + 0*b + 0. List the prime factors of a(-5).
2
Let x be 184/(-6) - (-4)/6. Let s be (4/5)/((-1)/x). Suppose s + 8 = 4*v. List the prime factors of v.
2
Let h(l) = 3*l - 1. Let s be h(1). Let b be 0 + s + 12/(-6). Suppose 5*a - 6 = 3*y - 0, b = -2*y - 3*a + 15. What are the prime factors of y?
3
Let o(b) be the second derivative of 7*b**3/6 - 7*b**2 - 3*b. What are the prime factors of o(7)?
5, 7
Let o(j) = 7*j - 1. Let r be o(1). Let z(b) = b**3 - 7*b**2 + 8*b + 1. What are the prime factors of z(r)?
13
What are the prime factors of (7 - 10)/(6/(-280))?
2, 5, 7
Let c be (1 + 0)*4/4. Suppose -4*l = 4, h - 12 = l - c. Let k = 20 - h. What are the prime factors of k?
2, 5
Suppose -70 = -5*q + 5*b - 25, 20 = -5*b. Suppose -q*f = 5*m + 5, 4*m + f + 4*f + 8 = 0. List the prime factors of m.
3
Let t be (-171)/38*2/(-3). Suppose t + 85 = 2*q. What are the prime factors of q?
2, 11
Let b = -8 - -11. Let k(q) = 4*q**3 - 3*q**b - 4*q + q - 1 - 3*q**2. What are the prime factors of k(4)?
3
Suppose -332 = -4*z - 72. Suppose 4*s = y - 3*y + 36, 0 = -3*y + 5*s + z. List the prime factors of y.
2, 5
What are the prime factors of (65 + -63)*(98/4 + 0)?
7
What are the prime factors of 29 + (-2 + 4 - 3)?
2, 7
Let a(o) = o**2 - 2*o + 1. Let r be a(-5). Let w = r - 0. List the prime factors of w.
2, 3
Suppose -r - 4*r = -10. Suppose l = -2, 4*x - r*l = 15 + 9. Let n = 15 + x. List the prime factors of n.
2, 5
Suppose -8*k + 2*k + 36 = 0. Let c = -2 - -2. Suppose c = -4*w - 2*q - k + 42, 4*w = -4*q + 36. List the prime factors of w.
3
Suppose 4 = i + i. Suppose -12 = i*t - 4*t. What are the prime factors of t?
2, 3
Let q be (1/2 + 0)*8. Suppose 0 = -5*m - 3*o + 145, 0*m - q*o + 72 = 2*m. What are the prime factors of m?
2, 13
Let z be (18/(-4))/((-1)/(-2)). List the prime factors of 5/((-3)/(z + -3)).
2, 5
Let r(g) be the third derivative of -5*g**4/12 + g**3/6 + g**2. Let q be r(1). Let s = -4 - q. List the prime factors of s.
5
Let a(v) = -v**3 - 6*v**2 - v + 3. Let s be -20*((-14)/5 + 2). Let l be (-2)/(-8) - 100/s. List the prime factors of a(l).
3
Suppose -4*s = -4*k - 8*s + 20, 5*s = 5. Let n be (-110)/77 - 4/7. List the prime factors of (1/n)/(k/(-128)).
2
Let v(a) = -7*a + 5 + 4*a + 4*a. What are the prime factors of v(17)?
2, 11
Suppose -7*s + 380 = -12. Suppose 0*t = -2*t + s. List the prime factors of t.
2, 7
Let r be 1*((2 - 4) + -13). Let h be 28/(-3) - (-10)/r. What are the prime factors of (4/h)/(2/(-60))?
2, 3
Suppose 0*q - 76 = -2*q. Suppose 0*y + q = 2*y. What are the prime factors of y?
19
Let z = 29 - 33. What are the prime factors of (-11)/(((-16)/z)/(-16))?
2, 11
Let u(a) = 14*a - 43. What are the prime factors of u(16)?
181
Let b be (-8)/20 - 4/(-10). Suppose 0*u + u - 20 = b. What are the prime factors of u?
2, 5
Let v(u) = u**2 - 10*u + 6. Let n be v(9). List the prime factors of 5/(n/(3*-6)).
2, 3, 5
Let d = 9 - 6. Suppose -4*i - 4 = 3*f - 3, d*i - f = 9. List the prime factors of 18 - 2/(i + -1).
2
Let m be 503/4 - 3/(-12). Let g be m/4*(-6)/(-9). What are the prime factors of 6/g + (-33)/(-7)?
5
Let r = 31 + -22. What are the prime factors of r?
3
Let q be (14 + -9)/(2 - 1). Suppose q*a - 28 = -8. What are the prime factors of a?
2
Let q(r) = -6*r**3 - 2*r**2 - 2. List the prime factors of q(-2).
2, 19
Let b(k) = k**3 + 4*k**2 + 2. Let y be b(-4). List the prime factors of ((-80)/(-12))/(y/6).
2, 5
Let b = 61 - 37. What are the prime factors of b?
2, 3
Suppose 4 = 2*s + 10. Let f(l) = l**2 + 3*l + 4. What are the prime factors of f(s)?
2
Let d = 8 + -4. Let h be (-6)/9*6/d. List the prime factors of 